6)/9. Calculate the highest common factor of p and o.
23
Let g be ((-41)/123)/(1/(-9)). Let n(k) = 15*k**2 - k + 1. Let y be n(-2). Let z = y - g. Calculate the highest common divisor of z and 12.
12
Suppose -20 = 4*s, 3*s + 32 = 5*x - 203. Suppose 132 = 2*r - 3*j - 120, 5*r + j = 664. What is the greatest common divisor of x and r?
44
Suppose -29 = -3*t - 3*d - 5, -t = -5*d - 20. What is the greatest common divisor of t and 50?
10
Let t = 40 + -24. Suppose 2 + t = 3*h. Suppose -2*l + 18 = -3*s, 0 = -l + 3*s + h. What is the highest common divisor of l and 6?
6
Suppose j - 2*m - 11 = 0, 0*j = 3*j + 2*m - 17. Let t = j - 5. Suppose -d = -2, -3*p + d + 42 = -p. What is the highest common divisor of p and t?
2
Let n(a) = -2*a + 26. Let t(x) = 7*x**2 + 5*x - 3. Let b be t(1). Let w be n(b). Calculate the highest common factor of w and 88.
8
Let g(r) = -r**3 + 6*r**2 - 6*r - 7. Let n be g(5). Let i = 36 + n. Calculate the greatest common divisor of i and 60.
12
Let x = -3 + 5. Suppose 3*y = 6*y - 3. Let p = y + x. What is the greatest common factor of 9 and p?
3
Let g(o) = 5*o + 108. Let c be g(8). What is the highest common divisor of 8 and c?
4
Let a(g) be the second derivative of -g**4/12 + 7*g**3/6 + g**2 + 8*g. Let o be a(5). What is the greatest common factor of o and 12?
12
Suppose 363 = 36*y - 213. Calculate the greatest common divisor of 232 and y.
8
Let u(a) = a**3 - 4*a**2 + 9*a - 115. Let n be u(6). Calculate the highest common divisor of n and 484.
11
Let p(w) = 5*w**2 + 2*w - 8. Let y be p(2). Let l = -80 + 288. What is the greatest common factor of y and l?
16
Suppose -97*s + 420 = -96*s. Calculate the greatest common factor of 60 and s.
60
Let y(o) = -3*o - 23. Let c be y(-10). Let j = -130 + 151. What is the greatest common divisor of c and j?
7
Let y = 32 + -27. Let x(r) = -r**2 - 4*r - y*r - r**3 - 6 + 7*r**2 + 6*r**2. Let g be x(11). Calculate the greatest common factor of 24 and g.
8
Let o(j) = 5*j**3 - 10*j**2 + 2*j - 3. Let g be o(4). What is the highest common factor of 55 and g?
55
Let t = -48 + 43. Let c be t/((-5)/417) + 1. What is the greatest common divisor of 38 and c?
38
Let a be 5 - 4 - -3 - 4. Suppose a = -2*s - 5*h + 129, 0 = -0*s + 2*s - 4*h - 84. Suppose -3*d = -5 - s. Calculate the highest common divisor of 152 and d.
19
Suppose 16 = 3*p + p. Suppose -237 - 267 = -p*z. Let t(a) = -a**3 + 6*a**2 + 2*a + 6. Let u be t(6). What is the highest common factor of u and z?
18
Let l be (-11)/(88/3) - 5289/(-24). Calculate the highest common divisor of l and 20.
20
Suppose -4*u + 3*r = -137, 6*r - 2*r = 2*u - 76. Calculate the highest common divisor of 12 and u.
4
Suppose c - 5*q = -0*c + 120, -5*c = -q - 552. Let j = c + 70. What is the highest common factor of 20 and j?
20
Let g be (3 - 1) + 52/4. Let r(f) = -12*f - 3. Let n be r(-4). Suppose -2*b - n = -5*b. What is the highest common divisor of b and g?
15
Let o be 3/12 - 23/(-4). Suppose -3*v - 60 = -2*k, -4*k + 108 = 3*v - o*v. What is the greatest common factor of 16 and k?
8
Let c be (-60)/(-12) + (30 - -1). Let d be (10/6 + -2)/((-1)/c). Let j = 82 - 34. What is the highest common divisor of d and j?
12
Suppose 9 - 36 = -v. Calculate the greatest common factor of 36 and v.
9
Let x = 65 - 5. Suppose -36 = -6*u + x. What is the highest common factor of 8 and u?
8
Let o(u) = u**2 + 26*u + 51. Let s be o(-25). Suppose -2*x = 2*p - 5*x - 9, -4*p + s = 2*x. What is the greatest common divisor of p and 8?
2
Let t be -3 + (-2 - 0) + 240/8. Let d = 9 + -4. Calculate the greatest common factor of t and d.
5
Let k(r) = 2*r + 2. Let x be k(1). Suppose -4*n - 33 = -d, -x*d - 13 = -2*n - 75. Calculate the highest common factor of d and 13.
13
Let f(d) = d - 8. Let s be f(8). Let y = s + 3. Let t = 1 + y. Calculate the greatest common factor of t and 6.
2
Let y be (-15)/10 + 22/4. Suppose -f = y*w - 32, -4*f + 3*f + w + 7 = 0. What is the greatest common factor of 4 and f?
4
Let d be ((-2)/(-5))/(3/60). Let s(l) = 63*l + 3 + 51*l + 6 - l**2 - 107*l. Let g be s(d). What is the greatest common factor of 5 and g?
1
Suppose -7*q + 145 = 61. Calculate the greatest common factor of 108 and q.
12
Let y(d) be the second derivative of 11*d**4/12 - 2*d**3/3 - 9*d**2/2 - 31*d. Let k be y(-5). What is the highest common divisor of k and 26?
26
Let v be 420/180 + 418/6. What is the greatest common factor of 252 and v?
36
Let d = 1243 - 1105. What is the highest common factor of d and 368?
46
Suppose 4*f + 7 = -1, -2*x + 4*f = -64. Suppose -b + 220 = -4*k, -894 = -4*b - k + 3*k. What is the highest common factor of x and b?
28
Let s(c) = -c + 4. Let k be s(-6). Let x = 146 + -70. Suppose 0 = -4*j - 2*q + x, -5*j - 53 + 147 = 3*q. Calculate the greatest common factor of k and j.
10
Let o(h) = h**3 - h**2 + 2*h + 4. Let z(y) = -2*y - 7. Let a be z(-5). Let r be o(a). Suppose d - 6 = -2. Calculate the highest common divisor of d and r.
4
Suppose 6*n - 7008 = -6*n. Let i = n - 287. Calculate the highest common factor of i and 33.
33
Let p = -30 - -34. Suppose -5 = p*m - 21, 3*k = -m + 148. Calculate the greatest common divisor of 8 and k.
8
Let s be (28/8 + -3)*(72 - 0). What is the highest common divisor of 708 and s?
12
Suppose -5375 = -11*s + 48. Calculate the greatest common divisor of s and 17.
17
Let l be (1/3)/(7 + 292/(-42)). Suppose -2*z = q - 17, 0 = 6*z - 4*z - q - l. What is the highest common divisor of 3 and z?
3
Suppose 0 = 11*m - 293 - 15. Let j = m + 44. What is the greatest common factor of 48 and j?
24
Let c be 3/10 - (-23716)/280. Let g be -2*(-1)/((-2)/(-17)). Calculate the highest common factor of c and g.
17
Suppose 5*l - 31 = -2*f + f, 3*f - 4*l = -2. Let a = 1356 + -1332. Calculate the highest common factor of f and a.
6
Let w = -47 - -50. Suppose -3*h + 28 = o, -w*h - 3*o + 14 + 22 = 0. What is the highest common divisor of 80 and h?
8
Let h be (-1 - 8 - (-7 - -3))*-25. Let t = -8 - -58. What is the highest common factor of t and h?
25
Let y = -1968 + 2040. Let a be 2 + 1 + -1 + 4. What is the greatest common factor of y and a?
6
Suppose 0 = 2*w + 4*i - 700, 2*w = 2*i - 3*i + 688. Let j be (-3)/(-2)*w/27. Calculate the highest common divisor of j and 76.
19
Let k = -216 + 227. What is the highest common factor of 88 and k?
11
Suppose 3*w + 4*d = d + 285, -4*w = -2*d - 350. Let r be (42/(-9))/(2/(-6)). Let l = r + 1. Calculate the highest common factor of l and w.
15
Suppose -6*m + 27 = 3*m. Suppose -3*w + 12 + m = 0. What is the greatest common factor of 45 and w?
5
Suppose 60*w - 54*w = 48. What is the greatest common divisor of 88 and w?
8
Let k(i) = 6*i + 3. Let c(f) = 3*f + 1. Let w(t) = 5*c(t) - 2*k(t). Let g be w(5). Let n = 372 - 260. What is the greatest common divisor of g and n?
14
Suppose 0*p = 5*p - 105. Suppose 2*o = -0*o - 3*j + 8, -16 = -4*o + 2*j. Let k = o + 3. Calculate the greatest common factor of p and k.
7
Let y(u) = u**2 + u + 15. Let h be y(4). Suppose -f + 2*f - h = 0. Calculate the highest common factor of 35 and f.
35
Let s(d) = 351*d**3 + 3*d**2 - d - 1. Let p be s(1). Let q be 13/(26/72) - 4/1. Calculate the greatest common divisor of p and q.
32
Suppose 2*q - 9 = -5*j + 44, q - j - 23 = 0. Let z(a) = -32*a**3 + a**2 - a + 2. Let c be z(-2). What is the highest common divisor of q and c?
24
Let l = 14134 - 14089. Let v = -7 - -22. Calculate the highest common factor of l and v.
15
Let u be ((-4)/(-10))/((-3)/(-45)). Suppose -7*q + 15 = -2*q. Let y be q - (u/(-2) + -34). What is the highest common factor of 16 and y?
8
Let p = -234 + 259. Let d be 6 - 2*(-1)/(-2). Suppose -d*s + 140 = -p. What is the highest common divisor of s and 11?
11
Let m be (-590)/25 + (-6)/(-10). Let n = m - -18. Let g be 2*-9*(n - -4). What is the highest common divisor of 198 and g?
18
Suppose 15*g + 645 = 20*g. Calculate the greatest common divisor of g and 43.
43
Suppose 11*q = 2569 + 775. Calculate the highest common factor of q and 32.
16
Suppose -r = 3*l - 465, -2*l + 6*r - r = -310. What is the highest common factor of 217 and l?
31
Suppose 15 = 5*w + 5*p, -p - 2 = -w + 7. Suppose -w*b + 24 = 2*b. What is the highest common divisor of b and 6?
3
Let t(v) = v + 2. Let s = 3 + -3. Let n be t(s). Let z(a) = -2*a**2 + 8*a + 242. Let q be z(13). What is the hi